0. Suppose -2*y + 4*d + t = -7*y, -4*y + 4*d = 20. Let x(j) = j - 3. What is x(y)?
-7
Let j be (0 + -3 + 4)*5. Let s(u) = 2*u - 5. Calculate s(j).
5
Let w = 65 + -62. Let p(c) be the first derivative of -c**4/4 + 4*c**3/3 - 3*c**2/2 + 4*c - 1. Give p(w).
4
Let d(w) = w**2 + w + 4. Suppose -12 = 2*l + 2*l. Calculate d(l).
10
Let b = -8 + 6. Let p(a) be the third derivative of a**5/30 - a**3/3 + 2*a**2. Give p(b).
6
Let n(z) be the third derivative of 0*z + 0 - 7*z**2 - 2/3*z**3 + 0*z**5 - 1/120*z**6 + 0*z**4. Calculate n(0).
-4
Let o(v) be the second derivative of 1/6*v**3 + 0 + 2*v + 0*v**2 + 3/20*v**5 - 1/12*v**4. Determine o(1).
3
Let y = -1 - -1. Let d(m) = m**2 - 1. Let x(f) = 4*f**2 - 15. Let h(b) = 5*d(b) - x(b). Calculate h(y).
10
Suppose -23 = -14*y + 11*y - 5*b, -y + 3*b = 11. Suppose 3*o - 3 = 6. Let s(v) = 5*v**3 - 3 + v**2 - v + o. What is s(y)?
5
Let m(o) be the second derivative of 1/2*o**2 + o + 0 - 1/3*o**3. What is m(5)?
-9
Let m(p) = 6*p. Let o(a) = -7*a. Let z(x) = 4*m(x) + 3*o(x). Determine z(-1).
-3
Let v(j) = j**2 - j + 1. Let c(g) = 4*g**2 + 3*g + 2. Let t(f) = -c(f) + 3*v(f). Determine t(-7).
-6
Let g = 31 - 21. Suppose 3*k + 1 - g = 0. Suppose -4*y + 5 + k = 0. Let i(v) = v. Calculate i(y).
2
Let r(b) = -b**3 + 11*b**2 - 4. Let f be r(11). Let x be (1 - 4) + 8/f. Let k(q) = -q - 4. Determine k(x).
1
Suppose 5*s - 56 = -3*o, o + 5*s = -0*o + 12. Let z = o + -26. Let h(v) = -v**2 + v + 4. Calculate h(z).
-16
Let d(r) be the third derivative of -2*r**2 + 0*r + 1/6*r**3 + 1/24*r**4 + 0. Give d(5).
6
Suppose 2*w + 6 = 0, 0 = -2*d + 3*w - 14 + 63. Suppose d = 4*j, -3*v = -3*j - 0 + 9. Let g(s) = s**3 - s**2 + 2. Determine g(v).
6
Let q(y) = -y**3 - 10*y**2 - 11*y - 22. Let g be q(-9). Let d(z) = -z + 1. Let n(v) = 21*v - 15. Let r(b) = -18*d(b) - n(b). Calculate r(g).
9
Let b(r) = -3*r**2 - r + 2. Let k(w) = -w**2 - w. Let x(n) = -b(n) + 2*k(n). Let y be x(2). Let i(s) = s - 1 - 2 + 0 - 4. Give i(y).
-7
Let d(w) = 7*w - 1. Let t(f) = 7*f**2 - 16*f + 7. Let s(x) = 15*x**2 - 33*x + 14. Let a(n) = 6*s(n) - 13*t(n). Let h be a(9). Let g = 3 - h. What is d(g)?
6
Suppose 3 = -3*o + 27. Let r(a) = a**3 + 39 + o*a + 4*a - 41 - 5*a + 6*a**2. Calculate r(-5).
-12
Let p(l) = 2*l + 2. Suppose -143*b + 149*b - 36 = 0. What is p(b)?
14
Let q = 20 + -14. Let h(f) = f**3 - 8*f**2 + f - 8. Let n(r) = -r**2. Let z(o) = -h(o) + 2*n(o). Determine z(q).
2
Let n = 13 + -12. Suppose -12 = 5*h - 37. Let a be h/(-3) - n/3. Let x(w) = -w**2 - 3*w - 2. Give x(a).
0
Suppose -18 = 3*g - 6. Let c(v) = v**2 + v. Calculate c(g).
12
Suppose 3*n - 4 = -2*k + 13, 0 = -2*n - 2*k + 14. Suppose 16 = 5*w + 6. Let q(o) = 0*o**2 + 2*o**w - 4 - o**2. Calculate q(n).
5
Let s = 6 - 0. Suppose -3*y - 4*o = s, 2*y - 2*o - 2 = 4*y. Let i(p) = -p**2 + 3*p - 3. What is i(y)?
-1
Let l(z) = -15*z + 2. Let y(m) = 7*m - 1. Let v(f) = 3*l(f) + 7*y(f). Let q(j) = -7*j + 1. Let s(p) = 3*q(p) + 5*v(p). Determine s(4).
-6
Let x(g) be the second derivative of -g**3/3 + 3*g**2/2 - 2*g. What is x(-4)?
11
Let c be 8/(-10)*5/(-2). Suppose -c*p - g + 10 = 0, 3*p - 13 = -3*g + 5. Let i(j) = j + 0 - 3*j - p. Determine i(-4).
4
Suppose 3*c = 2*c - 5*k - 3, -k = c + 3. Let x(s) = s**3 + 4*s**2 - 4*s + 1. Give x(c).
22
Let j(x) = -x**2 - 10*x - 6. Let p(v) = 2*v + 22. Let n be p(-16). Determine j(n).
-6
Let q(u) be the first derivative of 1/3*u**3 - 4*u + 6 + 0*u**2. Give q(0).
-4
Let f(g) be the third derivative of -g**6/120 - g**5/60 - g**4/24 - 6*g**2. Calculate f(-2).
6
Let h(y) = 2 - 4 + 6 + 4*y + y**2. Give h(-5).
9
Let k(l) = -l + 2. Let w(c) = -c**3 - 4*c**2 - 3*c - 9. Let d be w(-4). Let x be k(d). Let f(q) = 5*q**2 + 1. Determine f(x).
6
Let v be 0/((-6)/(-2) - 1). Let z(f) = v - 3 + 5*f - 2*f + 9. Determine z(-4).
-6
Let f(n) = n + 12. Let p be f(-10). Let q be 34/10 - p/5. Let x(z) = 9*z - 5 + q + 2 + 1. Give x(1).
10
Let t(l) = -27*l + 10*l + 18*l + 9. What is t(-4)?
5
Let i(u) = -u - 2. Let k = 0 + 3. Let n = k + -4. Calculate i(n).
-1
Let v(l) = -25*l - 4 + 16*l - l**2 + 15*l. Let m = 8 - 2. Give v(m).
-4
Let z(n) = -n + 11. Let g be z(8). Let b(w) be the third derivative of 0 + 0*w + 0*w**3 + 1/12*w**4 + w**2 - 1/15*w**5 + 1/120*w**6. Give b(g).
-3
Let k(q) be the first derivative of 3*q - 1/4*q**4 + 4/3*q**3 - 3/2*q**2 - 1. What is k(4)?
-9
Let b(s) = 2*s**2 - 3*s - 3. Let p(c) be the second derivative of c**3/3 - 5*c**2/2 + 2*c. Let f be p(4). Determine b(f).
6
Let l(j) be the first derivative of -5*j**4/12 + j**3/6 + j**2/2 + 2. Let y(u) be the second derivative of l(u). Calculate y(-1).
11
Let c(h) = h**2 - 3*h. Suppose -4*a = -0*a - 12. Calculate c(a).
0
Let w be 4*1/(1 - -1). Let t(d) = d + 8. Let o be t(-6). Let s(a) = a + o - w. What is s(-4)?
-4
Let t(y) = y**2 - 3*y - 7. Let p be t(5). Let k(s) = -p + 2 + 2*s**2 - 3 + 6 - s. What is k(2)?
8
Suppose 0 = -0*k + 2*k. Suppose -3*l + 7*l - 12 = k. Let j(i) = -6*i - l + 5*i + 0*i. Give j(-5).
2
Suppose -2*c = 2*c + 4*n + 20, c + 3*n = -7. Let s be (c/2)/(0 - 1). Let z(f) = 1 - s*f - 3 + 1. Determine z(1).
-3
Let z(p) = 30 - 6*p**2 - 33 - 8*p + 0*p - p**3. Determine z(-5).
12
Let x = -4 + 9. Let t(y) = -y**2 + 4*y + 6. Calculate t(x).
1
Let p(k) = k**2 - 8*k + 11. Suppose -8*h = -7*h - 8. Determine p(h).
11
Suppose -5*s + 10*s = 0. Let i(q) = 4*q**2 + s*q**2 - 4*q - 2 - q**3 + 9*q. Calculate i(5).
-2
Let u(x) = 3*x - 2. Suppose 9 = -3*h + 3. What is u(h)?
-8
Suppose c + 2 = 4*o - 13, 5*o - 50 = -5*c. Let b(p) = 4 + 3*p + 0*p**3 + 2*p**2 + 2*p**2 - p**3. Give b(c).
-6
Let c(r) = -5 + 6 + r + 1. Let k(o) = o - 2. Let a be k(-3). Let j = -9 - a. Give c(j).
-2
Let a(x) = -x. Let j(y) = y. Let l(u) be the second derivative of u**3/6 + u**2/2 - u. Let v be l(-6). Let b be j(v). Determine a(b).
5
Let x(q) = 2*q + 5. Let h be x(-6). Let u(m) = -8*m**2 + 9*m - 5. Let y(z) = -7*z**2 + 8*z - 4. Let w(k) = h*y(k) + 6*u(k). What is w(2)?
-2
Let v(r) = r + 7. Let q(s) = -s**2 - 3*s + 5. Let p be q(-4). Let d(l) = 4*l**3 - 1. Let j be d(p). Suppose n = -j*n. Calculate v(n).
7
Let u(q) = -q**2 - 4*q. Let t(h) = 2*h + 10. Let l be t(-7). Let n = l - 0. Calculate u(n).
0
Suppose -k + 7 = 2. Suppose -4*i + k*i = 0. Let l(a) = a**2 - 5*a - 3. Let f(o) = o + 1. Let p(m) = -5*f(m) - l(m). What is p(i)?
-2
Let q(b) = -3*b + b**3 - 5*b**3 + 2 + 4*b**2 + 2*b**3. Let c(h) be the first derivative of h**4/4 - 4*h**3/3 + h**2/2 - 2*h + 5. Let y be c(4). Determine q(y).
-4
Let a(x) = x**2 - 8*x - 5. Let o be a(8). Let c(h) be the second derivative of h**5/20 + h**4/2 + h**3/2 - h**2 - 13*h. Calculate c(o).
8
Let m(c) = -c + 1. Let v(b) = -2*b + 3. Let n(q) = -13*m(q) + 6*v(q). Suppose 0 = 4*o + 4*l, 10 = 3*o + l - 0*l. Suppose -2*p - 3 = o. Calculate n(p).
1
Let d(f) be the first derivative of 1 - 1/4*f**4 - 7/2*f**2 + 7/3*f**3 + 8*f. Calculate d(6).
2
Let x = 46 + -44. Let n(i) = -2*i - 1. Calculate n(x).
-5
Suppose -8 - 7 = -5*v. Let s(j) = 7*j**2 - 6*j - 10. Let i(l) = -l**2 + l + 1. Let f(u) = -6*i(u) - s(u). Give f(v).
-5
Let d(v) be the third derivative of -v**6/120 + v**5/12 + v**4/4 + v**3/3 + 6*v**2. Calculate d(6).
2
Let c(s) = 9*s**2 - s - 3. Suppose -b + 26 = 3*q + 3*b, 5*q - 5*b = 20. Let r(v) = -13*v**2 - 1 - 2*v + 4*v + q. Let u(a) = 7*c(a) + 5*r(a). Calculate u(3).
-5
Let k(o) be the second derivative of o**5/20 + o**4/4 + o**3/3 - o**2 - o. Suppose 0 = -0*h + 3*h - 18. Suppose -2*x - 5 = 3*i, 2*x = i + 1 + h. Determine k(i).
-8
Let a = -5 - -7. Let t(d) = a*d + 0 - 4*d - 3. Let r(f) = 4*f + 12. Let y be r(-4). What is t(y)?
5
Let j(z) = -z**2 - 4*z + 6. Suppose -4*n - 20 = -0*n. What is j(n)?
1
Let n be 0/((-6)/9*3). Let j(l) = -2*l + 3*l - 2*l**2 + n - 2 + 3*l. Give j(2).
-2
Let r(o) = o**3 - 4*o**2 + 4. Let v = 12 + -9. Give r(v).
-5
Let h(b) = -b**2 - 2*b**3 + b**3 - 187 + 187. Calculate h(-1).
0
Let c be 3/(-30)*2*-5. Let l(r) = 56*r**2 + 5*r + 3. Let p(d) = -19*d**2 - 2*d - 1. Let s(u) = -4*l(u) - 11*p(u). Determine s(c).
-14
Let z be ((-2)/8)/(4/(-16)). Let k(i) = -9*i + 1. What is k(z)?
-8
Let f = -3 - -6. Let d(i) = i**3 + 0 - 2*i**f + 8. Suppose 0 = -4*w - 5*t, -4*w - t = -w. Calculate d(w).
8
Let i(n) be the first derivative of -n**7/840 - n**6/72 - n**5/60 - 7*n**4/24 - 2*n**3/3 + 5. Let u(g) be the third derivative of i